uppose -10*b = -14485 - 14255. List the prime factors of b.
2, 3, 479
Suppose 0 = -6*v + 670 + 2078. What are the prime factors of v?
2, 229
Let b(p) = -301*p**2 + 293*p**2 - 11*p - 2*p**3 - 11 + p**3. List the prime factors of b(-8).
7, 11
Let g(n) = -n**2 + 4. Let z be g(0). Let l be 6 - (-4 + z)/3. Suppose -2*w + 80 = l. What are the prime factors of w?
37
Suppose -3*q = 3, 4*q = j - 5*j - 32. Let g = j + 26. Let a = -2 + g. What are the prime factors of a?
17
Let d = 45 - 45. Suppose 4*h = p - 58, 4*p + 2*h + d*h - 232 = 0. What are the prime factors of p?
2, 29
Let d be (4/8)/(7/350). Suppose d*u - 27*u + 692 = 0. List the prime factors of u.
2, 173
Suppose -2*w + 10594 = 4*c, -4*c + 2*w + 5225 + 5381 = 0. What are the prime factors of c?
2, 5, 53
Let c(o) = o**3 + 18*o**2 - 4*o - 43. What are the prime factors of c(-18)?
29
Let q be (-5)/15*0 + 1. Suppose 5*m + a = 165, 2*m = 6*m - 3*a - 132. Suppose m = 4*i + q. What are the prime factors of i?
2
Let z(w) = 102*w - 77. What are the prime factors of z(17)?
1657
Suppose -11*c - 112 = -25*c. Suppose -5*x + 12 = -2*x. Suppose -x*n - 48 = -c*n. What are the prime factors of n?
2, 3
Suppose 120 = 5*x - 115. What are the prime factors of x + (-2)/(-6)*3?
2, 3
Suppose 5*r = 5, -c + 2*c - 223 = -4*r. Suppose -c = -4*o + 5*f, 0 = -o - 3*f + f + 58. List the prime factors of o.
2, 7
What are the prime factors of 3 + 73244/14 - 86/(-301)?
3, 5, 349
Suppose 0 = 5*r - 5*d + 455, -r - 2*d - 85 = 3*d. Let x = 229 + r. List the prime factors of x.
139
Let f(b) = -113*b**3 - 3*b**2 + 5*b + 16. What are the prime factors of f(-2)?
2, 449
Suppose 12 = 2*y - 4*i, -2*i - 4 - 8 = -4*y. Suppose y*o - 77 = 65. What are the prime factors of o?
71
Let n = 480 + -333. Suppose 22 - 2 = -4*y, -3*y - n = -4*q. What are the prime factors of q?
3, 11
Let h(c) = -10*c**3 + 9*c**2 - 6*c - 18. List the prime factors of h(-4).
2, 5, 79
Suppose -15*q + 6*q = 216. What are the prime factors of 27/72 - 711/q?
2, 3, 5
Suppose -o = -5, 6*o = d + o + 24. Let h be (4/6)/(d/6). Suppose h*q = 12, 2*m - 3*m + 61 = 2*q. List the prime factors of m.
5, 11
Let b(f) = f**3 + 32*f**2 - 4*f + 28. What are the prime factors of b(-32)?
2, 3, 13
Suppose -2*o - 2*i - 4 = 0, 2*o + 2*i = -3*i + 8. Let r be (o + 1)*(-10)/(-10). List the prime factors of (r - -2)*(-2)/3.
2
List the prime factors of ((-36)/14)/((-33)/1694).
2, 3, 11
Suppose -5*v + 4*i + 385 = 0, 12*i - 13*i = 4*v - 308. What are the prime factors of v?
7, 11
Suppose 14*a - 780 - 46778 = 0. List the prime factors of a.
43, 79
Suppose 5*i - 6 = 14. Suppose -i*h = -5*h + 2. What are the prime factors of 6/(-3) - (h - 15)?
11
Let h be (12/(-8))/((-9)/(-12)). List the prime factors of (2 - h) + -5 + 168.
167
Let a(z) = 6 + 13 - 3*z**2 + 2*z**2 - 8*z - 2*z. What are the prime factors of a(-10)?
19
Let f(m) = 3*m + 2. Let l be f(3). Let w = l - 7. Suppose w*o + t = -2*t + 35, 5*o = -4*t + 43. What are the prime factors of o?
11
Let v = -45 + 59. Suppose 4*l + v = 402. What are the prime factors of l?
97
Let j = 188 + -10. Suppose -2*y = 2*s + 2*s - j, 3*y = 4*s - 183. Suppose s = g - 2. List the prime factors of g.
47
Let t = 80 - -111. List the prime factors of t.
191
Let u = 2124 + 922. List the prime factors of u.
2, 1523
Suppose 3*f - 9 = 0, -5*b + 10*b - 209 = 2*f. Let q = b + 29. List the prime factors of q.
2, 3
Let y = -137 + -19. Let m = -38 - y. List the prime factors of m.
2, 59
Let c = -175 + 403. Suppose c = z - 5*z. List the prime factors of 2/((-177)/z - 3).
19
Suppose 45 + 85 = 2*w. Let n = w - 57. What are the prime factors of n?
2
Let c = 34 - 47. Let r = c - -15. List the prime factors of r.
2
Suppose -9*l = l - 7080. What are the prime factors of l?
2, 3, 59
Suppose -3023 = -5*o + 2*z, 0 = o - 3*z - 414 - 188. List the prime factors of o.
5, 11
Let i be (12/(-14))/(((-192)/42)/16). Suppose 2*w = 5*u + 589, -w + 587 = w - 3*u. Suppose 0 = -i*s - 76 + w. What are the prime factors of s?
2, 3
Suppose -21384 = -30*z + 113976. What are the prime factors of z?
2, 3, 47
Let l(t) = 64*t - 124. What are the prime factors of l(16)?
2, 3, 5
Suppose -6*c + 8*c - n - 1074 = 0, -5*n = -4*c + 2148. What are the prime factors of c?
3, 179
Let x be ((-46)/5 - -4)/((-2)/5). Let p = x - -61. What are the prime factors of p?
2, 37
Suppose 0 = 46*s - 10075 - 36431. List the prime factors of s.
3, 337
Let d = 87 - 51. Let h(j) = -2*j - 3. Let z be h(2). Let o = d + z. List the prime factors of o.
29
Suppose -3*r - 4*p = -323, 11*r + p = 6*r + 510. List the prime factors of r.
101
Let w = -11 + 13. Suppose 3*u - u - w = 2*x, -3*x = 4*u - 32. Suppose x*r = 9*r - 120. What are the prime factors of r?
2, 3
Let b(n) = -n**2 + 12*n - 15. Let g be b(10). Suppose 0 + 81 = p - g*j, -p - 5*j + 61 = 0. List the prime factors of p/5 + 5/(-25).
2, 7
Let x = 30 + -31. Let j(d) = 13*d**2 - 4*d - 3. Let l be j(x). Suppose -h + 46 - l = 0. List the prime factors of h.
2
Let l = 13 - -13. Suppose -4*s + 4*u = 2*u - l, 3*s = 4*u + 32. List the prime factors of ((-1)/s)/((-2)/88).
11
Let f(j) = 2*j**3 - 23*j**2 + 31*j - 89. List the prime factors of f(19).
5, 7, 13
Suppose 8*q - 4*q = 620. Let y = 222 - q. What are the prime factors of y?
67
Let b = 19 - 13. Let r be (-110)/(-25) + b/(-15). Suppose 0*c + 52 = r*c. What are the prime factors of c?
13
What are the prime factors of (2 - 4)*-4*(-139)/(-2)?
2, 139
Suppose 0*p - 2026 = -2*v + p, -6*p = -2*v + 2016. List the prime factors of v.
2, 3, 13
Let u(j) = 577*j**2 + 4*j + 4. What are the prime factors of u(-1)?
577
List the prime factors of (4 - -126)*6/((-48)/(-44)).
5, 11, 13
Let f(o) = -o**3 + 4*o**2 - o - 4. Let d be f(3). List the prime factors of d/(10/305) + 0.
61
Let p be 219 - -4*2/(-4). Suppose 3*l - 173 - p = 0. List the prime factors of l.
2, 5, 13
Suppose -80 = -9*n + 7*n. Suppose -3*a + 4*t + n = -a, 5*t + 15 = -a. What are the prime factors of a?
2, 5
Suppose -h + n + 22 = -n, 5*h = -3*n + 45. Suppose -y + h = -0. Suppose -143 - y = -5*v. List the prime factors of v.
31
Let c(t) = -16*t**3 - t**2 + 26*t - 2. What are the prime factors of c(-4)?
2, 11, 41
Suppose -a - 5*t = -469, 2*a + t = -a + 1351. List the prime factors of a.
449
Suppose -14*v + 64*v - 58350 = 0. What are the prime factors of v?
3, 389
Let d be -6 - -7 - 31*1. Let v be (-4)/(-6)*69 - (26 + -30). Let l = v + d. List the prime factors of l.
2, 5
Suppose 4*y + 130 = -2*v, -v - 5*y - 69 = -y. Let j = 76 + v. List the prime factors of j.
3, 5
Let a = 10 - 15. Let l(f) be the second derivative of -f**3/2 + 11*f**2/2 + 27*f. List the prime factors of l(a).
2, 13
Let i = -35 - -39. Suppose -129 = -4*o - 4*n + 131, 2*n = i*o - 248. List the prime factors of o.
3, 7
Suppose 0 = 2*f - 4*o + 12 - 38, -4*f = 3*o + 3. Suppose 3*s = f*y + 43 + 11, -4*s = y - 52. What are the prime factors of s?
2, 7
List the prime factors of (-5774)/(-10) - (-7)/(350/30).
2, 17
Suppose 7*d - 7855 - 2344 = 0. What are the prime factors of d?
31, 47
Suppose 352 = 4*y - p - 3*p, -3*y + 254 = -5*p. Suppose -227 = -5*t + y. List the prime factors of t.
2
Let p be (-4)/2*(-45)/6. Suppose 2*h + 3*d = -15, 7*d + p = -5*h + 4*d. Suppose b + m - 29 = h, 3*b - 92 = -0*m - 4*m. List the prime factors of b.
2, 3
Suppose 3*k - 280 + 1101 = 4*r, 5*k + 1020 = 5*r. Suppose 5*d - 447 = -3*u, 361 = 4*u - 2*d - r. List the prime factors of u.
2, 3
What are the prime factors of (-650496)/(-143) - (-5)/65?
4549
Let h(n) = 3*n**2 + 2*n - 24. Let l(d) = -4*d**2 - 2*d + 25. Let m(a) = -5*h(a) - 4*l(a). List the prime factors of m(-10).
2, 5, 7
Let f = -4 + 9. Suppose 5*s + 2*i = 55, 1 + 13 = 3*s + f*i. What are the prime factors of s?
13
What are the prime factors of 5*(16506/35 + 9)?
3, 89
Let j be (-2)/(-9) + (-650)/90. Let b = -13 - j. List the prime factors of (-8)/b*(-126)/(-4).
2, 3, 7
Suppose -2*l - 2*t = -86, 0 = 2*l + 3*l - 5*t - 165. Let w be 5 + -2 - l/(-2). Suppose -w = -2*s + 16. What are the prime factors of s?
19
Let r(w) = 6 + 3*w - 3 + 6*w - 1. Let t be 18/4 + 5/(-10). List the prime factors of r(t).
2, 19
Suppose -215 - 25 = -3*u. Let h be u/15*78/8. Suppose h = w + 3*w. List the prime factors of w.
13
Suppose 3*k - 1 = 20. Let x = 15 + k. What are the prime factors of x?
2, 11
Let p be ((-1)/12*14)/(4/(-24